{"id":65,"date":"2016-07-17T22:20:40","date_gmt":"2016-07-17T22:20:40","guid":{"rendered":"http:\/\/dhanttvn.net\/2017\/?page_id=65"},"modified":"2017-08-07T12:03:57","modified_gmt":"2017-08-07T12:03:57","slug":"baiviet","status":"publish","type":"page","link":"http:\/\/dhanttvn.net\/2017\/baiviet\/","title":{"rendered":""},"content":{"rendered":"<p style=\"text-align: justify;\"><span style=\"text-decoration: underline; font-family: book antiqua,palatino,serif; font-size: 14pt;\"><strong>B\u00c0I VI\u1ebeT<\/strong><\/span><\/p>\n<p style=\"text-align: justify;\"><span style=\"font-family: book antiqua,palatino,serif;\"><a href=\"http:\/\/dhanttvn.net\/2017\/wp-content\/uploads\/sites\/2\/2016\/07\/Bai-viet-Bui-Nguyen-Duc-Bao-Thoi-Moi-Canada.pdf\">B\u00e0i vi\u1ebft v\u1ec1 \u0110\u1ea1i H\u1ed9i c\u1ee7a B\u00f9i Nguy\u00ean \u0110\u1ee9c, B\u00e1o Th\u1eddi M\u1edbi Canada, th\u00e1ng 07\/2017<\/a><\/span><\/p>\n<p style=\"text-align: justify;\"><span style=\"font-family: book antiqua,palatino,serif;\"><a href=\"http:\/\/dhanttvn.net\/2017\/wp-content\/uploads\/sites\/2\/2016\/07\/Thu-Cam-On-Ly-Dieu-Sang.pdf\">Th\u01b0 c\u00e1m \u01a1n c\u1ee7a L\u00fd Di\u1ec7u Sang, tr\u01b0\u1edfng Ban T\u1ed5 Ch\u1ee9c (\u0111i\u1ec1u h\u00e0nh), ng\u00e0y 02\/08\/2017<\/a><\/span><\/p>\n<p style=\"text-align: justify;\"><span style=\"text-decoration: underline; font-size: 14pt; font-family: book antiqua,palatino,serif;\"><strong>B\u00c0I PH\u1eceNG V\u1ea4N<br \/>\n<\/strong><\/span><\/p>\n<p style=\"text-align: justify;\"><span style=\"font-size: 12pt; font-family: book antiqua,palatino,serif;\">Nh\u00e2n d\u1ecbp \u0110\u1ea1i H\u1ed9i\u00a0\u00c2m Nh\u1ea1c Truy\u1ec1n Th\u1ed1ng L\u1ea7n th\u1ee9 IV \u0111\u01b0\u1ee3c t\u1ed5 ch\u1ee9c t\u1ea1i &#8220;kinh \u0111\u00f4 \u00e1nh s\u00e1ng Paris&#8221; th\u1ee7 \u0111\u00f4 n\u01b0\u1edbc Ph\u00e1p do gi\u00e1o s\u01b0 nh\u1ea1c s\u0129 Ph\u01b0\u01a1ng Oanh c\u00f9ng tr\u01b0\u1eddng \u00e2m nh\u1ea1c d\u00e2n t\u1ed9c Ph\u01b0\u1ee3ng Ca D\u00e2n Ca Qu\u1ed1c Nh\u1ea1c t\u1ea1i Paris t\u1ed5 ch\u1ee9c v\u00e0o trung tu\u1ea7n th\u00e1ng 7 n\u0103m 2017, t\u1eadp san <strong>Ng\u00e0y M\u1edbi Paris<\/strong>, m\u1ed9t c\u01a1 quan truy\u1ec1n th\u00f4ng \u1edf Paris, \u0111\u00e3 nh\u1eadn l\u1eddi m\u1eddi c\u1ee7a \u0110\u1ea1i h\u1ed9i \u0111\u1ec3 ph\u1ecfng v\u1ea5n c\u00e1c gi\u00e1o s\u01b0, nh\u1ea1c s\u0129 v\u00e0 ngh\u1ec7 s\u0129 tr\u00ean th\u1ebf gi\u1edbi \u0111\u1ebfn tham d\u1ef1 \u0110\u1ea1i h\u1ed9i.<\/span><\/p>\n<p style=\"text-align: justify;\"><span style=\"font-size: 12pt; font-family: book antiqua,palatino,serif;\"><strong>Ng\u00e0y M\u1edbi Paris<\/strong>, t\u1edd b\u00e1o Vi\u1ec7t ng\u1eef ph\u00e1t h\u00e0nh t\u1ea1i Paris t\u1eeb n\u0103m 1993 (s\u1ed1 danh b\u1ea1 qu\u1ed1c t\u1ebf ISSN 1260-6936) v\u1eeba l\u00e0 Nh\u00e0 xu\u1ea5t b\u1ea3n (s\u1ed1 danh b\u1ea1 qu\u1ed1c t\u1ebf ISBN 978-2-917340); ch\u1ee7 tr\u01b0\u01a1ng ph\u1ed5 bi\u1ebfn v\u0103n h\u00f3a, ngh\u1ec7 thu\u1eadt v\u00e0 x\u00e3 h\u1ed9i thu\u1ed9c h\u1ed9i <em>ASOFA Alliance Socioculturelle Franco Asiatique (H\u1ed9i th\u00e2n h\u1eefu x\u00e3 h\u1ed9i v\u0103n h\u00f3a Ph\u00e1p \u00c1)<\/em> theo lu\u1eadt 1901 \u0111\u01b0\u1ee3c c\u00f4ng nh\u1eadn l\u00e0 m\u1ed9t t\u1ed5 ch\u1ee9c phi l\u1ee3i nhu\u1eadn, h\u1ed9i \u0111\u1ee7 c\u00e1c \u0111i\u1ec1u ki\u1ec7n hi\u1ec7n h\u00e0nh c\u1ee7a n\u01b0\u1edbc s\u1edf t\u1ea1i, \u0111\u01b0\u1ee3c quy\u1ec1n ph\u00e1t h\u00e0nh v\u00e0 ph\u1ed5 bi\u1ebfn v\u0103n h\u00f3a &amp; ngh\u1ec7 thu\u1eadt Vi\u1ec7t Nam g\u00f3p ph\u1ea7n l\u00e0m phong ph\u00fa th\u00eam \u0111\u1eddi s\u1ed1ng v\u0103n h\u00f3a &amp; ngh\u1ec7 thu\u1eadt t\u1ea1i h\u1ea3i ngo\u1ea1i.<\/span><\/p>\n<p style=\"text-align: justify;\"><span style=\"font-size: 12pt; font-family: book antiqua,palatino,serif;\">M\u1eddi qu\u00fd v\u1ecb nh\u1ea5n v\u00e0o \u0111\u1ec3 xem cu\u1ed9c trao \u0111\u1ed5i c\u1ee7a Di\u1ec5m Thy (H\u1ed9i tr\u01b0\u1edfng ASOFA &amp; Ch\u1ee7 nhi\u1ec7m Ng\u00e0y M\u1edbi) &amp; L\u00ea Tr\u00e2n (ch\u1ee7 b\u00fat Ng\u00e0y M\u1edbi) c\u00f9ng c\u00e1c gi\u00e1o s\u01b0 &#8211; nh\u1ea1c s\u0129 &#8211; ngh\u1ec7 s\u0129 \u0111\u1ebfn t\u1eeb qu\u1ed1c n\u1ed9i v\u00e0 h\u1ea3i ngo\u1ea1i.<\/span><\/p>\n<p style=\"text-align: justify;\"><span style=\"font-size: 12pt; font-family: book antiqua,palatino,serif;\"><a href=\"http:\/\/dhanttvn.net\/2017\/wp-content\/uploads\/sites\/2\/2016\/07\/Bai-phong-van-Phuong-Oanh-Tap-san-Ngay-Moi-Paris-201701.pdf\">B\u00e0i ph\u1ecfng v\u1ea5n gi\u00e1o s\u01b0 Ph\u01b0\u01a1ng Oanh th\u1ef1c hi\u1ec7n b\u1edfi t\u1eadp san Ng\u00e0y M\u1edbi Paris v\u00e0o th\u00e1ng 01\/2017<\/a><\/span><\/p>\n<p style=\"text-align: justify;\"><span style=\"font-size: 12pt; font-family: book antiqua,palatino,serif;\"><a href=\"http:\/\/dhanttvn.net\/2017\/wp-content\/uploads\/sites\/2\/2016\/07\/Bai-phong-van-Le-Kim-Uyen-Tap-san-Ngay-Moi-Paris-201701.pdf\">B\u00e0i ph\u1ecfng v\u1ea5n ngh\u1ec7 s\u0129 Kim Uy\u00ean th\u1ef1c hi\u1ec7n b\u1edfi t\u1eadp san Ng\u00e0y M\u1edbi Paris v\u00e0o th\u00e1ng 01\/2017<\/a><\/span><\/p>\n<p style=\"text-align: justify;\"><span style=\"font-size: 12pt;\"><a href=\"http:\/\/dhanttvn.net\/2017\/wp-content\/uploads\/sites\/2\/2016\/07\/Bai-phong-van-Viet-Hai-Tap-san-Ngay-Moi-Paris-201705.pdf\"><span style=\"font-family: book antiqua,palatino,serif;\">B\u00e0i ph\u1ecfng v\u1ea5n ngh\u1ec7 s\u0129 Vi\u1ec7t H\u1ea3i th\u1ef1c hi\u1ec7n b\u1edfi t\u1eadp san Ng\u00e0y M\u1edbi Paris v\u00e0o th\u00e1ng 05\/2017<\/span><\/a><\/span><\/p>\n<p style=\"text-align: justify;\"><span style=\"font-size: 12pt;\"><span style=\"font-family: book antiqua,palatino,serif;\"><a href=\"http:\/\/dhanttvn.net\/2017\/wp-content\/uploads\/sites\/2\/2016\/07\/Bai-phong-van-Phuong-Bao-Tap-san-Ngay-Moi-Paris-201707.pdf\">B\u00e0i ph\u1ecfng v\u1ea5n gi\u00e1o s\u01b0 Ph\u01b0\u01a1ng B\u1ea3o th\u1ef1c hi\u1ec7n b\u1edfi t\u1eadp san Ng\u00e0y M\u1edbi Paris v\u00e0o th\u00e1ng 07\/2017<\/a><\/span><\/span><\/p>\n<p style=\"text-align: justify;\"><span style=\"font-size: 12pt;\"><a href=\"http:\/\/dhanttvn.net\/2017\/wp-content\/uploads\/sites\/2\/2016\/07\/Bai-phong-van-Ngoc-Dung-Tap-san-Ngay-Moi-Paris-201708.pdf\"><span style=\"font-family: book antiqua,palatino,serif;\">B\u00e0i ph\u1ecfng v\u1ea5n gi\u00e1o s\u01b0 Ng\u1ecdc Dung th\u1ef1c hi\u1ec7n b\u1edfi t\u1eadp san Ng\u00e0y M\u1edbi Paris v\u00e0o th\u00e1ng 08\/2017<\/span><\/a><\/span><\/p>\n<p style=\"text-align: justify;\"><a href=\"http:\/\/dhanttvn.net\/2017\/wp-content\/uploads\/sites\/2\/2016\/07\/Bai-phong-van-Nguyen-Mai-Tap-san-Ngay-Moi-Paris-201708.pdf\"><span style=\"font-size: 12pt;\"><span style=\"font-family: book antiqua,palatino,serif;\">B\u00e0i ph\u1ecfng v\u1ea5n gi\u00e1o s\u01b0 Nguy\u1ec5n Mai th\u1ef1c hi\u1ec7n b\u1edfi t\u1eadp san Ng\u00e0y M\u1edbi Paris v\u00e0o th\u00e1ng 08\/2017<\/span><\/span><\/a><\/p>\n<p style=\"text-align: justify;\"><a href=\"http:\/\/dhanttvn.net\/2017\/wp-content\/uploads\/sites\/2\/2016\/07\/Bai-phong-van-Ngoc-Chau-Tap-san-Ngay-Moi-Paris-201708.pdf\"><span style=\"font-size: 12pt;\"><span style=\"font-family: book antiqua,palatino,serif;\">B\u00e0i ph\u1ecfng v\u1ea5n gi\u00e1o s\u01b0 Ng\u1ecdc Ch\u00e2u th\u1ef1c hi\u1ec7n b\u1edfi t\u1eadp san Ng\u00e0y M\u1edbi Paris v\u00e0o th\u00e1ng 08\/2017<\/span><\/span><\/a><\/p>\n<p style=\"text-align: justify;\"><span style=\"font-size: 12pt;\"><a href=\"http:\/\/dhanttvn.net\/2017\/wp-content\/uploads\/sites\/2\/2016\/07\/Bai-phong-van-Phuong-Oanh-PV-Tu-Nguyen-201706.pdf\"><span style=\"font-family: book antiqua,palatino,serif;\">B\u00e0i ph\u1ecfng v\u1ea5n gi\u00e1o s\u01b0 Ph\u01b0\u01a1ng Oanh th\u1ef1c hi\u1ec7n b\u1edfi ph\u00f3ng vi\u00ean T\u1eeb Nguy\u00ean v\u00e0o th\u00e1ng 06\/2017<\/span><\/a><\/span><\/p>\n<p style=\"text-align: justify;\"><span style=\"font-size: 12pt; font-family: book antiqua,palatino,serif;\"><em>\u00a0<\/em><\/span><\/p>\n","protected":false},"excerpt":{"rendered":"<p>B\u00c0I VI\u1ebeT B\u00e0i vi\u1ebft v\u1ec1 \u0110\u1ea1i H\u1ed9i c\u1ee7a B\u00f9i Nguy\u00ean \u0110\u1ee9c, B\u00e1o Th\u1eddi M\u1edbi Canada, th\u00e1ng 07\/2017 Th\u01b0 c\u00e1m \u01a1n c\u1ee7a L\u00fd Di\u1ec7u Sang, tr\u01b0\u1edfng Ban T\u1ed5 Ch\u1ee9c (\u0111i\u1ec1u h\u00e0nh), ng\u00e0y 02\/08\/2017 B\u00c0I PH\u1eceNG V\u1ea4N Nh\u00e2n d\u1ecbp \u0110\u1ea1i H\u1ed9i\u00a0\u00c2m Nh\u1ea1c Truy\u1ec1n Th\u1ed1ng L\u1ea7n th\u1ee9 IV \u0111\u01b0\u1ee3c t\u1ed5 ch\u1ee9c t\u1ea1i &#8220;kinh \u0111\u00f4 \u00e1nh s\u00e1ng Paris&#8221; th\u1ee7 &hellip; <a href=\"http:\/\/dhanttvn.net\/2017\/baiviet\/\" class=\"more-link\">Continue reading<span class=\"screen-reader-text\"> &#8220;&#8221;<\/span><\/a><\/p>\n","protected":false},"author":1,"featured_media":0,"parent":0,"menu_order":8,"comment_status":"closed","ping_status":"closed","template":"","meta":{"footnotes":""},"class_list":["post-65","page","type-page","status-publish","hentry"],"_links":{"self":[{"href":"http:\/\/dhanttvn.net\/2017\/wp-json\/wp\/v2\/pages\/65","targetHints":{"allow":["GET"]}}],"collection":[{"href":"http:\/\/dhanttvn.net\/2017\/wp-json\/wp\/v2\/pages"}],"about":[{"href":"http:\/\/dhanttvn.net\/2017\/wp-json\/wp\/v2\/types\/page"}],"author":[{"embeddable":true,"href":"http:\/\/dhanttvn.net\/2017\/wp-json\/wp\/v2\/users\/1"}],"replies":[{"embeddable":true,"href":"http:\/\/dhanttvn.net\/2017\/wp-json\/wp\/v2\/comments?post=65"}],"version-history":[{"count":18,"href":"http:\/\/dhanttvn.net\/2017\/wp-json\/wp\/v2\/pages\/65\/revisions"}],"predecessor-version":[{"id":453,"href":"http:\/\/dhanttvn.net\/2017\/wp-json\/wp\/v2\/pages\/65\/revisions\/453"}],"wp:attachment":[{"href":"http:\/\/dhanttvn.net\/2017\/wp-json\/wp\/v2\/media?parent=65"}],"curies":[{"name":"wp","href":"https:\/\/api.w.org\/{rel}","templated":true}]}}